f l and f?
13
Let m be -105*(((-434)/6)/7 + 4). Suppose -3*c - y = c - m, 5*c - 820 = y. Let s be (-1)/5 + (-32)/(-10) + c. What is the greatest common factor of s and 24?
24
Let k = 1564 - 1555. Let s be (22/(-10) + -1)*-105. Suppose 13*t = w + k*t - s, 4*w - 1428 = -5*t. What is the greatest common factor of 44 and w?
44
Let h(z) = -2*z**3 + 31*z**2 - 38*z - 34. Let t be h(14). Suppose -36*s + 2464 = -t*s. Suppose 3*p = 3 + 45. What is the greatest common divisor of s and p?
16
Let r(n) = -11*n**2 + 17*n + 69. Let y be r(-4). Let m = y - -266. Calculate the highest common divisor of 14 and m.
7
Let p(b) = 2*b**3 + 7*b**2 + 11*b + 8. Let s be p(8). What is the highest common divisor of 64 and s?
32
Let t(f) = 7*f**2 - 4*f + 25. Let n be (32/8 - 68/14)*-7. Let x be t(n). What is the greatest common factor of x and 23?
23
Let x(r) be the first derivative of -7*r**2/2 - 7*r + 105. Let k be x(-11). Calculate the greatest common factor of k and 175.
35
Let c = 164432 - 114988. What is the highest common factor of 188 and c?
188
Suppose -3*x + 83 = -22. Let h be (1 - x/3)*(-45)/10. What is the greatest common factor of 4 and h?
4
Suppose 648*o - 105 = 645*o - 4*j, 3*o - 123 = 2*j. Let g(c) = c**2 + 9. Let k be g(0). Calculate the highest common factor of o and k.
3
Suppose 3*d - 4*p = 16, 0 = 3*d - 4*p + 7*p - 51. Suppose 650 = d*c + 230. Suppose 0 = -8*f + 3*f + 70. Calculate the highest common divisor of f and c.
7
Let p = 51 + -43. Let s be 3 - (-34)/4 - (-4)/p. Let a be 6/s - 177/(-6). Calculate the greatest common factor of a and 18.
6
Let a(v) = 10*v - 16. Let k be a(2). Suppose 4*s = 5*c + 144 - 383, s = k. What is the highest common divisor of c and 306?
51
Suppose 3*y = 31 + 74. Let l(s) = s. Let a be l(-15). Let c(x) = -2*x**3 - 28*x**2 + 19*x + 10. Let v be c(a). Calculate the greatest common divisor of v and y.
35
Let s(i) = i**3 + 4*i**2 + 32*i + 149. Let k be s(-4). Let z(l) = 35*l**3 + l**2 - 1. Let w be z(1). What is the highest common factor of k and w?
7
Let g = -104 - -118. Let y = g + -3. Calculate the highest common divisor of y and 2.
1
Suppose 0 = -10*j - 5 + 15. Let k be (5/(-30))/j - 799/(-6). Suppose 2*r - 81 = -3*g, -4*r + k = 3*g + 2*g. What is the highest common divisor of g and 87?
29
Let x = -123 - -199. Let s be (-3738)/(-98) - 1/7. What is the greatest common factor of x and s?
38
Suppose -4*i + 4*k = -27344, 2*i = 13*k - 8*k + 13666. Calculate the highest common factor of i and 39.
13
Suppose 84*g + 56*g - 10220 = -0*g. What is the highest common divisor of 4453 and g?
73
Let w = -47 + 115. Let y(f) = 63*f - 24. Let g be y(2). What is the greatest common factor of w and g?
34
Let w(x) = x - 65. Let c be w(-10). Let g be ((-990)/c)/(64/30 + -2). Calculate the highest common factor of 11 and g.
11
Suppose -342*g = -344*g, -4*g = -r + 9. Calculate the greatest common factor of r and 29.
1
Let i be 1 - -1534 - (46 + -32). What is the greatest common divisor of 9 and i?
9
Let b be 92/6 + 1/(-3). Let z be (2/3)/(15/90). Suppose -40*s + 2*u = -39*s - 68, 0 = z*s + 3*u - 228. What is the greatest common factor of s and b?
15
Let m be 8*(174/28 + (-100)/(-350)). Let q be ((-1)/(-2))/(8/240). Let f be 5/(q/(-6))*-13. Calculate the greatest common factor of m and f.
26
Let j(m) = -62*m - 1151. Let r be j(-19). Suppose 2*c - 5*c = 4*a - 40, c = -4*a + 16. What is the greatest common divisor of c and r?
3
Let u = -2642 - -3052. What is the highest common divisor of 738 and u?
82
Let w be (-42 + 40)/((-928)/466 + 2). Let m = w - -425. What is the highest common factor of 36 and m?
12
Let p(w) = 189*w**2 - 53*w - 129. Let b be p(9). Calculate the greatest common factor of b and 87.
87
Suppose -16 = p - 441. Let l be 0 + (-2)/8 + p/4. Let r = -61 + l. Calculate the highest common factor of 5 and r.
5
Suppose -4*w = -4, -w - 16 = 2*c + w. Let v be (-46 + c)*(0 - 2). What is the greatest common factor of v and 10?
10
Let p be ((-65)/39)/(10/(-594)). Suppose 183 = 3*v - 33. Calculate the highest common factor of p and v.
9
Suppose -28*y + 8*y + 2482 = -2198. What is the highest common divisor of y and 11466?
234
Let g(h) = -h**3 + 15*h**2 - 13*h - 17. Let s be g(14). Suppose 2*b = 13 - 9. Let z be b - (-6)/s*-1. What is the highest common divisor of z and 36?
4
Let s = 106 - -886. Calculate the greatest common factor of s and 16.
16
Suppose 27*n = -547 - 2747. Let f = n - -142. Calculate the greatest common factor of 30 and f.
10
Suppose 5*o - l - 1051 = -23, -5*l + 35 = 0. What is the greatest common divisor of o and 1587?
69
Let j = -3558 - -3565. Let b(d) = -17*d**2. Let k be b(-1). Let o = 24 + k. What is the highest common factor of o and j?
7
Suppose 2*p + 4*p - 6417 - 1635 = 0. What is the greatest common factor of p and 22?
22
Suppose -24 = 4*o, 0 = -4*v - 3*o + 1858 + 5664. Calculate the greatest common factor of 260 and v.
65
Let d(m) = -m**3 + 7*m**2 - 11*m + 10. Let q be d(5). Suppose 5*g - o - 119 = 0, -2*o - 118 = -q*g - 0*o. What is the highest common divisor of g and 18?
6
Let c = 23001 - 20518. What is the highest common factor of 191 and c?
191
Let j be (15*1)/(320/7488). What is the highest common divisor of 1950 and j?
39
Let s = -5855 + 6644. Calculate the greatest common divisor of s and 15.
3
Let u be -1 - -3 - 19*-1. Let i be 1*u*(-8)/(-24). Let a(g) = -g**3 - g**2 - 4*g - 2. Let k be a(-3). Calculate the greatest common divisor of k and i.
7
Let g = -18 + 92. Suppose -u - b = u - g, 0 = -3*b. Suppose -43*n + u*n = -1344. What is the greatest common divisor of n and 14?
14
Let r = -7986 + 8088. Calculate the greatest common divisor of 11798 and r.
34
Let c(b) = 0*b + 10 + 7*b - 8*b + 0*b. Let l be c(-4). Let q(w) = -w**2 + 12*w + 1. Let v be q(10). What is the highest common divisor of l and v?
7
Suppose -2*p - 48 = -2*w, 4*w + 5*p - 100 = 5. Suppose 0 = 5*v - w - 135. Suppose -2*k + v = -40. Calculate the greatest common divisor of 396 and k.
36
Let l(h) = h - 8. Suppose -36 = -2*k - 2*k. Let c be l(k). Let p be -11*(-64)/(-176)*-1. What is the highest common divisor of c and p?
1
Let f(t) = 30 - 35 + 9*t - 2*t**2 + t + 6*t. Let x be f(7). Let p = -34 - -37. Calculate the greatest common factor of p and x.
3
Let x(l) = -2*l**3 - 71*l**2 - 6*l + 1100. Let d be x(-35). Calculate the greatest common factor of d and 58735.
85
Let t = -244 - -381. Suppose 3*c - t + 41 = -3*w, 4*c = 4*w - 152. Let o(z) = -443*z + 14. Let k be o(0). Calculate the highest common divisor of k and w.
7
Let b = -46 - -97. Let z = b - 7. Suppose z + 26 = 10*k. What is the greatest common factor of k and 1?
1
Suppose q = 4*q + 3*r + 12, 0 = -4*r + 8. Let h be 20*(-1 - 9/q). Suppose 6*s - h*s = -20. Calculate the highest common factor of 5 and s.
5
Let w(h) = -h**3 - 6*h**2 + 16*h + 12. Let k be 3 + (46 + -7)*4/(-12). Let b be w(k). What is the greatest common factor of 56 and b?
28
Suppose 27 = 3*z - 21. Suppose 5*a - z = 3*x + 25, 0 = x - 3. Let f be (-16*a)/(-4)*1. Calculate the highest common divisor of f and 5.
5
Let v be 0 + 6 - (84/126 + (-5)/3). Let l(u) = -13*u - 4. Let o be l(-3). Suppose 0*q - o = -q. Calculate the greatest common factor of v and q.
7
Let l = 1748 - 1754. Let i be ((-10)/l)/(310/2046). Let a = 41 - -80. What is the highest common divisor of a and i?
11
Suppose 1564*i - 1542*i = 332288. Calculate the greatest common divisor of 128 and i.
128
Let q be (4/8)/(4/24). Let i(p) = p - 19. Let n be i(19). Suppose 5*u + g - 25 = n, -q*u + 2*g + 3 = 1. What is the highest common factor of 8 and u?
4
Let y be 8/80*-5 - 6/(-4). Suppose y = b - 8. Calculate the highest common factor of 387 and b.
9
Let i be 246*(-2 - (7 - 31)/8). What is the highest common divisor of i and 1189?
41
Suppose 26*p + 220 = 6642. Calculate the highest common divisor of p and 95.
19
Let h be ((-80256)/(-3990) - 2/(-7))/((-1)/(-1740)). Calculate the highest common factor of 36 and h.
36
Let n(l) be the second derivative of l**4/12 - 11*l**3/6 - 79*l**2/2 - 199*l. Let b be n(-6). Calculate the highest common factor of 92 and b.
23
Suppose 84*y - 25113 = 25*y + 11231. What is the highest common divisor of y and 3542?
154
Suppose -12*v + 3960 = -7*v. Suppose 5*i - 410 = -b, 2*b + v = 4*b - 4*i. What is the greatest common factor of 32 and b?
16
S